 v = 6 + -4. Suppose 0 = v*q - 5 + 3. Calculate the greatest common divisor of q and h.
1
Let f = 84 + -29. Suppose 3*m + 3*n - 4 = 8, -2*n + 4 = 0. Let u = m + 3. Calculate the highest common divisor of u and f.
5
Let f = 22 - 4. Calculate the highest common factor of 6 and f.
6
Suppose -3*t = 2*t + 4*g - 2, -5*g - 4 = 3*t. What is the highest common divisor of t and 14?
2
Suppose 0 = -5*m - 0*m + 10. Let w = m - -1. Suppose w*f = 16 + 26. What is the highest common divisor of f and 84?
14
Let x(t) = t**3 + 4*t**2 + 4*t + 3. Let q be x(-2). Suppose -q*s + 22 = 3*u + 4, 2*s = 4*u + 6. Calculate the highest common factor of 25 and s.
5
Suppose 4*k = 3*k + 9. Suppose -d = s - 6*d - 73, -s + 4*d + 71 = 0. Calculate the greatest common factor of s and k.
9
Let u = 17 - 18. Let t be 8*u/((-4)/10). What is the greatest common divisor of t and 120?
20
Let x = -4 - -6. Let n = 18 - 13. Suppose -h - 2*f - 2*f = -22, n*h - f = 68. Calculate the greatest common factor of x and h.
2
Let q = -3 + 8. Calculate the highest common factor of q and 5.
5
Let t be 94/6 + (2 - 15/9). Calculate the highest common divisor of 80 and t.
16
Let x = 253 - 148. Calculate the highest common factor of x and 35.
35
Let i = -2 - -37. Suppose i = 2*d - d. What is the greatest common divisor of 7 and d?
7
Let u be (-118)/(-4) - 1/(-2). Let b(t) = -t**2 - 11*t - 5. Let r be b(-10). Suppose -r*z + 54 = -6. Calculate the highest common divisor of u and z.
6
Let l = -10 + 13. Calculate the greatest common divisor of 1 and l.
1
Let u(l) = -l**2 + 6*l + 5. Let o be u(5). Calculate the highest common factor of 100 and o.
10
Let j(a) = a**3 + 5*a**2 - 9*a - 8. Suppose -5*k + 2*x - 3 - 19 = 0, 3*k - 2 = 5*x. Let b be j(k). What is the highest common divisor of 15 and b?
5
Let f = -21 + 95. Suppose 0 = 4*i + d - f, 4*d + d = 10. Let g = -22 - -49. What is the greatest common factor of i and g?
9
Let n(j) be the third derivative of j**6/120 + j**5/12 - j**4/12 - 2*j**3/3 - 2*j**2. Let u be n(-3). What is the highest common divisor of u and 10?
10
Suppose 0 = -2*x - 5*c + 70, -112 = x - 4*x - 4*c. What is the highest common divisor of x and 2?
2
Suppose -4*j = 4*f + f - 10, 2 = f - 2*j. Let n(p) = 4*p**3 + 3*p**2 - 3*p + 1. Let b be n(f). Calculate the highest common factor of 13 and b.
13
Suppose -3*h - 5*p = -104 - 149, -h + 96 = 4*p. Let x = h - 40. Calculate the highest common factor of 54 and x.
18
Suppose -180 = -5*i - 0*i. Let o(s) = -s**2 + 12. Let z be o(0). What is the highest common divisor of i and z?
12
Suppose k = 4*b + 44, -b = -5*k - 6*b + 170. Calculate the greatest common factor of 18 and k.
18
Let i = 17 - 0. Let z(v) = 1 + 2*v**2 - 3 - 1 + 3*v. Let h be z(-4). What is the highest common divisor of i and h?
17
Let d = 167 - 243. Let s = d - -148. What is the highest common divisor of s and 8?
8
Let m(x) = 6*x**3 + x**2 + x + 1. Suppose 0 = 2*o + 4, 6*t + 2*o + 9 = t. Let j be m(t). Let s = j - -6. What is the greatest common factor of 4 and s?
1
Suppose 3*r + 3 = 4*r. Let d be (r/6)/((-2)/(-20)). Suppose 25 = 5*z - d. Calculate the highest common divisor of 6 and z.
6
Let n be (-2)/(-4) - 3/(-6). Suppose 3*c = 10 - n. Calculate the greatest common divisor of c and 3.
3
Let q(r) = -r**2 + 11*r - 11. Let v(y) = y. Let z(m) = -q(m) + 5*v(m). Let g be z(7). Calculate the highest common factor of 36 and g.
18
Let k(n) = -4*n - 24. Let a be k(-12). Calculate the greatest common factor of 168 and a.
24
Let k(m) = m**3 - 8*m**2 + 7*m - 6. Let s be k(8). What is the greatest common divisor of 20 and s?
10
Let k(n) = -9*n**3 + n**2 + 3*n + 2. Let c be k(-1). What is the greatest common factor of 1 and c?
1
Let l be 194/6 - 1/3. Suppose -4*j - k + 18 = 0, 0 = -2*k + 4. What is the highest common factor of j and l?
4
Suppose 5 = -4*t - 3. Let j be (-1)/t + 308/8. What is the greatest common factor of 26 and j?
13
Let r(g) = g - 1. Let m be r(-2). Let q = 13 + m. What is the greatest common factor of q and 30?
10
Suppose 0 = -3*j - 4 - 14. Let l(f) = 4*f**2 + f - 2. Let d be l(j). What is the highest common factor of 17 and d?
17
Let a = 23 + -13. Calculate the highest common divisor of 25 and a.
5
Let r be (0/(-2)*-1)/1. Let x be (0 - -10) + r + 0. Suppose -2*v = -4*v - x, -3*h + 47 = -v. Calculate the highest common factor of h and 7.
7
Suppose 0 = y + 2*h - 1, 0 = -4*y - h + 20 - 2. Suppose -y*v - 3*l + 330 = -4*l, l - 264 = -4*v. Calculate the highest common divisor of v and 44.
22
Let r(c) = c**3 + 3*c + 3. Let t be r(3). Calculate the highest common divisor of 13 and t.
13
Suppose -5 = 2*i + 3, 2*i = l + 53. Let k = 111 + l. Let a(x) = 4*x**2 - x + 2. Let n be a(-2). Calculate the greatest common divisor of n and k.
10
Let v = 172 - 91. Calculate the greatest common divisor of 9 and v.
9
Let o(y) = -y**2 + 7*y - 1. Let s be o(5). Suppose 3*b + d = -125, 4*b + d = -3*d - 180. Let h = b - -85. Calculate the highest common divisor of s and h.
9
Suppose -5*d + 3*t + 641 = 0, -3*d - 5*t = -4*d + 115. What is the greatest common divisor of 26 and d?
26
Suppose -12*s = -609 + 129. What is the greatest common divisor of 200 and s?
40
Let d be (-80)/10*(-1)/2. Suppose -48 = -7*z + d*z. Calculate the highest common factor of 24 and z.
8
Suppose -h + 3*h = -4*k + 36, -3*h - 2*k = -42. What is the highest common factor of 12 and h?
12
Suppose -q = -2*d - 3*q + 2, 0 = 5*d - 5*q - 45. Suppose 2*j + 3*j = 75. What is the highest common divisor of d and j?
5
Let d = 5 + -3. Suppose -8 = -2*m - 0*h - d*h, -5*m = 4*h - 24. Suppose 60 = -7*v + 10*v. Calculate the greatest common divisor of m and v.
4
Let w be 6/(-4)*(-2 - 38). What is the greatest common factor of w and 12?
12
Suppose -3*k = 2*k - 265. Let u = k + -17. Suppose 0 = -4*o + o + u. Calculate the highest common factor of o and 132.
12
Let r(j) = j + 7. Suppose 0 = q - 4*q - 15. Let t be r(q). Suppose 0 = -t*h - 20 + 56. What is the highest common factor of h and 12?
6
Let s be ((-26)/(-3))/((-4)/(-6)). Let z(u) = 15*u**2 - u - 1. Let o be z(1). Calculate the highest common divisor of o and s.
13
Let k be (-3)/(-9) - 78/(-9). Suppose 5*w - 3*i - 9 = 5, 0 = 3*i + k. What is the highest common factor of 7 and w?
1
Suppose -2*v + 16 = 2*h - 12, -3*v - 6 = 0. Calculate the greatest common factor of 8 and h.
8
Suppose -5*f = -5 - 5. Suppose -2*z + 27 = 3*w, z - f*z = -3*w - 27. Calculate the highest common factor of 2 and z.
2
Let s(g) = 5*g + 2. Let c be s(-3). Let b = c - -18. Suppose -2*j = -4*h + 176, h - 3*j + 0*j = 39. Calculate the highest common factor of b and h.
5
Suppose 0 = -4*p - 134 + 450. Let l be (-1)/(1/2) + p. Calculate the highest common factor of 7 and l.
7
Let f be 0 + 28 + 2 + 3/(-1). What is the greatest common divisor of 189 and f?
27
Let j be 26 + ((-6)/(-3))/(-1). Let d(k) = -4*k**3 - 2*k**2 - k. Let y be d(-1). Calculate the highest common factor of j and y.
3
Let l(b) = -15*b. Let d be l(-1). Calculate the highest common factor of d and 75.
15
Suppose 0*x = x - 3. Suppose t - 2*t = -x. What is the highest common divisor of 1 and t?
1
Suppose 0*s = 2*s - 274. Suppose -h + 4*h = 5*u - s, -2*h + 117 = 5*u. Calculate the highest common divisor of u and 10.
5
Let d(v) = v + 34. Let n be d(29). Let r = 22 - 13. Calculate the highest common factor of n and r.
9
Suppose -2*l + 6*u + 16 = u, -5*l - 3*u = -102. What is the greatest common divisor of l and 12?
6
Suppose 5*z + 23 + 27 = 0. Let t = 1 - z. Calculate the greatest common divisor of t and 99.
11
Let k(i) = -i**3 - 4*i**2 - i - 1. Let w be k(-4). Suppose -5*r + 0*a - 4*a + 92 = 0, w*r - a - 45 = 0. Calculate the highest common divisor of 48 and r.
16
Let f(y) = -y + 1 - 2 + 2. Let x(m) = -7*m. Let v(l) = -5*f(l) + x(l). Let b be v(-4). Calculate the greatest common divisor of b and 9.
3
Let q(x) = -x**3 - 9*x**2 + 10*x + 2. Let b be q(-10). Suppose 4*u + 12 = 0, 4*m - 5*u = -b*u + 129. What is the highest common divisor of 270 and m?
30
Let i = 183 + -154. What is the highest common divisor of i and 145?
29
Let z be (-4)/10 - (-110)/25. Suppose -z*h + 5 = -11. Suppose -25 - 107 = -h*a. What is the greatest common factor of 3 and a?
3
Suppose 76 = 2*l - o, 2*l - 5*o = -o + 88. Calculate the highest common factor of 24 and l.
12
Let w = -23 - -28. Calculate th